 of b and w.
9
Let k = -1534 + 1586. What is the greatest common factor of k and 416?
52
Suppose 4*r = 78 + 6. Calculate the highest common divisor of 42 and r.
21
Suppose 12 = 4*v, -y + 47 = 5*v - 18. Suppose -y = -3*a - 4*r - 4, 5*r = a + 10. Calculate the highest common divisor of a and 20.
10
Let s be ((-66)/231)/((-2)/1288). Calculate the greatest common factor of s and 69.
23
Let w(k) = -85*k + 1. Let g be w(-2). Let v be (-2 - -1)*0/1. Suppose s = 19 - v. What is the greatest common factor of s and g?
19
Suppose 4*j - 26 = 3*j. Let t(c) = 11*c**2 + 2*c + 1. Let q be t(2). Let h = q - j. What is the highest common divisor of 23 and h?
23
Let n = -5 - -11. Let z = -23 + 31. Suppose -z*o = -17*o + 216. Calculate the greatest common divisor of n and o.
6
Let t(x) = -50*x**2 + 3*x + 2. Suppose 4 = -i - 3*i. Let z be t(i). Let f = z - -81. Calculate the greatest common factor of f and 20.
10
Suppose 5*x + 97 + 435 = 2*q, -q + x = -260. Calculate the highest common divisor of 96 and q.
32
Suppose 0 = 6*f - 5*f - 2. Suppose k + 105 = f*l, 0*k = -2*l - 5*k + 135. Calculate the greatest common divisor of l and 11.
11
Let k be 754/6 + 18/(-27) + 5. Calculate the highest common factor of 208 and k.
26
Let w(z) = 59*z + 1418. Let r be w(-24). Let x = 1 - 3. Let j be (-7)/(-2) + (-1)/x. What is the highest common factor of r and j?
2
Let q(t) = 31*t**2 + 8*t + 42. Let o be q(-3). What is the highest common factor of o and 162?
27
Let f(u) = -u + 1. Let k(w) = 18*w + 13. Let z(c) = -5*f(c) - k(c). Let n be z(-3). What is the highest common divisor of n and 7?
7
Let j be ((-544)/80)/(2/(-5)). Let r = 12 - -22. Calculate the greatest common divisor of j and r.
17
Suppose -14*w + 11*w - 2*f + 34 = 0, -3*f = 3*w - 33. Calculate the highest common factor of w and 57.
3
Let v(b) = -2*b**3 + 3*b**2 - b. Let i be v(2). Let p(k) = -15*k - 3 - 2 - 2 + 1 - k**2. Let h be p(i). What is the highest common factor of 6 and h?
6
Let q(o) = -o**3 - 30*o**2 - 7*o - 23. Let j be q(-30). Calculate the greatest common divisor of j and 110.
11
Suppose 0 = 2*m + 2*b - 8, b - 2*b = -4. Suppose -7 + m = -v. Calculate the highest common factor of v and 175.
7
Suppose -2*w = -3*l - 0*w + 156, 5*l + 5*w = 235. Let n = l - 39. What is the highest common factor of n and 11?
11
Suppose -7 + 20 = a. Suppose 324 = -a*s + 896. What is the highest common factor of 11 and s?
11
Let r(o) = 69*o - 2. Let l be ((-56)/(-42))/((-2)/(-3)). Let w be r(l). What is the greatest common factor of 17 and w?
17
Suppose -3*h = 2*v - 8428, -4*h + 3*h - 21070 = -5*v. Calculate the highest common factor of 86 and v.
86
Let m(b) = 15*b**2 + 4*b + 2. Let z be m(-2). Let f = -42 + z. What is the highest common factor of f and 12?
12
Let m = -3 - -14. Let q be 607/7 + (-4)/(-14). Let f = q - 43. What is the greatest common factor of m and f?
11
Suppose 8 = -8*c + 6*c. Let q be 4/8 - 218/c. What is the highest common divisor of q and 11?
11
Let g be -2*((-1035)/(-10))/(-9). Let z(u) = 23*u**2 + u + 1. Let b be z(-1). What is the highest common divisor of b and g?
23
Suppose -3*f = 2*g - g - 19, 49 = 2*g - 5*f. Calculate the highest common divisor of 2 and g.
2
Let k be (-8)/(-44) + 23/(-22)*4. Let s be (2/k)/(11/(-264)). Let w(m) = 48*m. Let u be w(2). What is the highest common divisor of u and s?
12
Let j(k) = 144*k - 131. Let f be j(1). What is the highest common divisor of f and 221?
13
Suppose -5*g - 3*b + 84 = 0, 2*g - 3*g + b = -12. What is the greatest common factor of 3 and g?
3
Let w be (5 - (-1)/(-1)) + 58. What is the highest common factor of w and 93?
31
Let v(b) = -65*b + 27*b + 29*b + 2*b**3 - 19*b**2 + 15. Let q be v(10). What is the greatest common divisor of q and 175?
25
Suppose -42 = -4*r + 5*l - 11, -r - l = -1. Suppose w = 5*w + 3*q - 365, 5*q = r*w - 405. Suppose 2*i - 20 = 56. Calculate the highest common factor of w and i.
19
Let q be -1 + 4 + 2/2. Let l(o) be the second derivative of o**4/6 + o**3/6 - 2*o**2 + 16*o. Let y be l(-2). Calculate the greatest common factor of y and q.
2
Suppose 0 = f - 3*f + 26. Suppose -4*l + 59 = 3*s - f, 0 = -3*s. Calculate the greatest common divisor of l and 162.
18
Suppose t + 4*f - f + 10 = 0, 3*f = 4*t - 20. What is the highest common factor of 1 and t?
1
Let c be (-18)/(-15) - (-344)/5. Calculate the highest common divisor of 10 and c.
10
Let s = 239 + -231. Calculate the highest common factor of s and 152.
8
Let v = 285 - 138. Calculate the highest common factor of v and 21.
21
Suppose -75 = -5*j + 3*g + 45, -5*j = -2*g - 120. Suppose -2 = -u + 6. What is the highest common divisor of j and u?
8
Let u be (12 - (-44)/(-55)) + (-4)/(-5). Calculate the highest common factor of u and 1884.
12
Suppose -3*p = -c + 96, -2*p = -3*c - 3*p + 318. Calculate the greatest common divisor of c and 140.
35
Let u be 24/(-4) + -1 + 5. Let l be (u/(-2))/((-4)/(-200)). What is the highest common factor of l and 75?
25
Let q(a) = a**2 + 8. Suppose m = 2*m - 3, m - 11 = 4*b. Let r be 15/3*(b - -3). Let i be q(r). Calculate the highest common factor of i and 132.
33
Let n be 7 + 28/((-35)/5) + 264. What is the greatest common factor of n and 3?
3
Suppose -11*n + 14 + 19 = 0. Suppose 9 = -6*i + n*i, 6 = 3*u + 3*i. Calculate the highest common divisor of 15 and u.
5
Let w be 1*(0 + -1)/(-1). Suppose w = 2*r - 89. Let d be 15/(((-80)/(-72))/((-12)/(-9))). Calculate the highest common divisor of r and d.
9
Suppose -275 = 4*a + a. Let d(q) = 2*q + 6. Let o be d(-4). Let w be o - (-1 + a*1). Calculate the greatest common divisor of 6 and w.
6
Suppose -5*a + 85 = v, 0 = 7*a - 3*a - 4*v - 44. Let n = -1352 - -1400. Calculate the highest common factor of n and a.
16
Suppose -4*h + 104 = 12. Suppose -3*v + 48 = -3*y, -3*v + 2*y - h = -6*v. Calculate the highest common divisor of 55 and v.
11
Suppose v - k = 876, 0 = -3*v - 25*k + 20*k + 2660. Calculate the greatest common factor of v and 55.
55
Let i = -15 - -30. Suppose 2*y - 34 = -3*b - 2*y, 0 = 5*b + 3*y - 75. Let v = b - -42. What is the greatest common divisor of v and i?
15
Let k be (0*2/(-4))/2. Suppose g + 3*g - 12 = k. Suppose -11 - 37 = -5*a + 4*x, -g*x = -a + 3. Calculate the highest common factor of a and 3.
3
Suppose -29*o + 32*o - 219 = 3*d, 5*o + d = 359. Suppose -3*x = x - 36. Calculate the greatest common divisor of x and o.
9
Let k be -30*1/(-4)*332/10. Calculate the highest common divisor of 664 and k.
83
Suppose -12*j + 8 - 56 = 0. Let b be (-814)/(-88) + (-3)/j. What is the greatest common factor of 30 and b?
10
Let b(z) = 2*z**2 - 38*z + 132. Let j be b(15). Calculate the greatest common factor of j and 438.
6
Let j be 10/(-15) - 104/6. Let y = -16 - j. What is the highest common divisor of y and 5?
1
Let k(w) = -2*w**2 + 3*w - 2. Let d be k(2). Let h = 9 + d. Suppose 0 = h*l - 25 - 30. Calculate the highest common factor of l and 1.
1
Suppose -3*v - 2*w - 24 = -7*v, 2*v - 6 = 4*w. Let y = 53 - 39. Calculate the greatest common divisor of v and y.
7
Let d be (7 - 10) + (0 - 33). Let a = 6 + d. Let z = -18 - a. What is the greatest common divisor of 132 and z?
12
Let c(h) = -h + 15. Let n(k) = k + 23. Let v be n(-14). Let g be c(v). Let t be (-371)/(-21) + 2/6. What is the highest common factor of g and t?
6
Let z(g) = g**2 + 1. Let p be z(-1). Suppose -3*i + 5 = -p*l - 3, 3*i = 5*l + 11. Let q be 14 + (-2 + 2)/2. What is the greatest common divisor of i and q?
2
Let h = 630 - 560. Calculate the greatest common factor of h and 50.
10
Let z be (0 - 55)*((-3)/1 - -2). What is the greatest common divisor of z and 10?
5
Suppose 0 = 5*h - 71 - 99. Let w = -33 + h. Let t = -10 + 21. Calculate the greatest common divisor of w and t.
1
Let b(a) = a - 9. Let j be b(-4). Let z = j - -9. Let l be (106 - -2)/2 + z. What is the highest common factor of 10 and l?
10
Let c = 219 + -186. What is the greatest common factor of 3 and c?
3
Let q be 2 - (-1 - -6) - 3. Let w = 11 + q. Suppose a + 41 = 2*t, -5*t + w*a + 149 - 39 = 0. What is the highest common factor of t and 133?
19
Let d be 172/12 - (-14)/21. Calculate the greatest common factor of 5 and d.
5
Let u(i) = -i**3 - 16*i**2 + 28*i + 42. Let s be u(-18). Calculate the highest common factor of s and 12.
6
Let q be ((-40)/(-80))/((9/(-366))/(-3)). Calculate the g